6
Let i(x) = x**3 + 4*x**2 + 4*x - 3. Let k(l) = -2*l + 55. Let d be 32 - ((-2)/12)/(3/(-54)). Let c be k(d). Calculate i(c).
-6
Let j(f) = 0 + f + 2*f**2 - 3 + f. Suppose 809*w - 4*v + 20 = 811*w, 0 = v - 4. Determine j(w).
9
Let x(l) = -48*l - 8. Let c(t) = 12*t + 1. Let v(h) = -9*c(h) - 2*x(h). Give v(5).
-53
Let n be (-1)/2*(-20)/5. Let v be (-2)/n - 4/1. Let g(c) = -213 + 22*c - 21*c + 108 + 108. Give g(v).
-2
Let m(r) = -6*r + 49. Let o(n) = 43*n - 4456. Let w be o(104). Give m(w).
-47
Suppose -6*z - 12 = 24. Let x(f) be the third derivative of f**5/60 + 7*f**4/24 - 5*f**3/6 - f**2 + 972. Determine x(z).
-11
Let x(p) = -8*p - 62. Let w be x(-8). Let s(c) = 6*c - 8 + c**3 + 14 - 8 - 3 - 6*c**w - c**2. Calculate s(4).
-29
Let b(x) = -18 + 33*x - 14*x + 67*x**2 - 64 - 68*x**2. Give b(6).
-4
Let z(v) = 9. Let i(o) = o - 1. Let w(m) = i(m) + z(m). Suppose -9 = -b + 5*h + 15, b + 16 = -5*h. Suppose x + b*x = -30. What is w(x)?
2
Let h(g) be the second derivative of -g**5/60 + g**4/24 + g**3/3 + 137*g**2/2 - 219*g. Let a(f) be the first derivative of h(f). Calculate a(-3).
-10
Let d(g) = g**3 + 8*g**2 - 10*g - 2. Let n(l) = 3*l**3 - 22*l**2 + 19*l - 93. Let z be n(7). Determine d(z).
7
Suppose 902 + 518 = -39*g + 94. Let c(w) = w + 30. What is c(g)?
-4
Let j(s) = 20*s**3 + 20*s**2 + 134*s - 123. Let l(x) = -3*x**3 - 3*x**2 - 22*x + 19. Let u(i) = -2*j(i) - 13*l(i). Calculate u(0).
-1
Let z(b) be the second derivative of -b**4/12 - 20*b**3/3 - 151*b**2/2 + 10050*b. Give z(-35).
24
Suppose -4*d + 3*d + 4*w - 20 = 0, -4*d = -4*w + 20. Suppose 2*i + 4 = -d*i. Let b(t) = -2 - 7*t**2 + 0*t**2 + 2*t + 4*t**2 - 6*t. Calculate b(i).
-6
Let a(n) = -10*n**3 - 15*n**2 - n - 19. Let v(q) = 4*q**3 + 6*q**2 + 7. Let w(p) = 5*a(p) + 13*v(p). Let m(u) = -u**2 - u + 3. Let t be m(-3). Calculate w(t).
-16
Let y be (-6 + (7 - 4))/(12/(-8)). Let t(o) = -81*o**2 - 6 + 82*o**2 - y*o - 6*o. Suppose 2*q = 7*q - 40. Calculate t(q).
-6
Suppose -157*o = -144*o - 260. Let f(s) = s**3 - 21*s**2 + 19*s + 28. Determine f(o).
8
Let l = 8787 + -8785. Let q(u) = -2*u**3 + 6*u**2 - 7*u + 8. Give q(l).
2
Let x(m) = -2*m**2 - m + 0*m**3 - m**3 - m**2 + m**2. Let l = 52 - 47. Suppose h - 3*i = 2*h + 15, -l*i = -4*h + 8. Determine x(h).
12
Let k(c) = -c**3 + 7*c**2 + 6*c - 1. Let z = -215 - -237. Let d(y) = -y**2 + 22*y + 7. Let f be d(z). Determine k(f).
41
Let w be (-13)/((8 + -5)/(-3)). Let b(y) be the first derivative of y**4/4 - 14*y**3/3 + 6*y**2 + 8*y - 930. Give b(w).
-5
Let b(q) = -14*q**2 + 51*q**2 - 95 - 38*q**2 + 20*q + 138 + 114. Determine b(26).
1
Let t(h) be the second derivative of -h**4/6 - 5*h**3/6 - 5*h**2/2 + 2110*h. Calculate t(-4).
-17
Let q(h) = h**3 + 1. Let y(x) = x**3 - 3*x**2 + 2*x - 4. Let o be y(3). Let b = -81 - -84. Suppose -5*n = -o*v - 1 + 4, -n - 2*v - b = 0. Determine q(n).
0
Suppose -5*v = -5*s - 5, -4*v + 6*v = 10. Let k(c) = -4*c**2 + 7*c + 2. What is k(s)?
-34
Let j(f) = -13 - 1291*f + 2585*f + 2*f**2 + 3 - 1281*f. What is j(-7)?
-3
Let v(s) = -2356 + s - 2352 + 4694. Determine v(23).
9
Let p(r) = -2*r**2 + 13*r + 46. Let d(l) = 3*l**2 - 20*l - 69. Let j(g) = -5*d(g) - 8*p(g). What is j(6)?
-11
Suppose 19 = 3*v + 2*h, h = 4*v - 4*h + 13. Suppose -v*l = 4 + 8. Let f(p) be the third derivative of p**4/24 - p**3/3 + 4*p**2. Give f(l).
-6
Let z be (2*20/(-24))/((-2)/6). Let g(d) = z + 18*d**2 - 16 + 10 + 2*d. Calculate g(1).
19
Let m(b) be the first derivative of -b**3/3 - 29*b**2/2 - 112*b - 616. What is m(-4)?
-12
Suppose 67*t - 68*t + 7 = 0. Let l(k) = 3*k + 50. Let p be l(-16). Let u(q) = q**3 - q - 10*q**p + 3*q**2 - 6 + 6*q - 4*q. Determine u(t).
1
Let x(k) = 25*k**2 + 29*k**2 + 29*k**2 - 109*k**2 + 27*k**2 + 9 + 460*k - 467*k. Let y = 12 + -7. What is x(y)?
-1
Let g = -3466 + 3472. Let i(x) = x**3 - 9*x**2 + 11*x + 8. What is i(g)?
-34
Let g(n) = -n**2 - n. Let j(u) = -u**2 + u + 4. Let a(m) = -2*g(m) + j(m). Let z = -2591 + 2586. Give a(z).
14
Let h(a) = 3*a**3 + 7*a**2 - 77*a + 5. Let q be h(4). Let b(l) = -104*l**2 - 5*l + 2. Give b(q).
-107
Suppose 9 = 3*k, 0 = -3*v - 2*v - 3*k + 14. Suppose 5 - v = j. Let h(b) = 9*b + 25. Let z(f) = 5*f + 13. Let q(a) = 6*h(a) - 11*z(a). Determine q(j).
3
Let v(s) = -42658*s + 42706*s + 1 + 0. What is v(1)?
49
Let v(i) be the second derivative of 1/12*i**4 - 1/6*i**3 + 0 - 2*i**2 + 142*i. Determine v(5).
16
Let g(n) = n**2 + 3*n + 2. Let r = -122 + 118. Let b be g(r). Let w(c) = -b - 2*c + 0*c + c**2 + 3*c. What is w(-6)?
24
Let j(f) be the first derivative of 9*f**2/2 + 38*f + 4087. Calculate j(-9).
-43
Let d(a) be the third derivative of -a**4/12 - 7*a**3/6 - 1291*a**2. What is d(-6)?
5
Let s(d) = -15*d + 74. Let v(z) = z - 8. Let p(a) = -2*s(a) - 18*v(a). Determine p(4).
44
Let i(u) be the third derivative of 8*u**2 - 1/360*u**6 + 0*u + 1/6*u**4 - 25/6*u**3 + 1/40*u**5 + 0. Let v(y) be the first derivative of i(y). What is v(4)?
0
Suppose 4*z = -4*a + 36, -z - 9 = -2*a - 0*z. Let w(o) = 7*o + 2. Let u(c) = -c - 1. Let t(k) = a*u(k) + w(k). What is t(4)?
0
Let j be (-46 + (-3672)/(-81))/(-2*(-2)/(-30)). Let y(x) = -15*x + 15. Give y(j).
-60
Let o(p) = -18 - p**3 - 876*p + 836*p - 19 - 21*p**2. Give o(-19).
1
Let w(r) be the third derivative of r**4/12 - 55*r**3/6 - 15*r**2 - 18*r. Determine w(23).
-9
Let i(v) = v**3 - 25*v**2 + 24*v + 11. Suppose -a = 13*h - 11*h - 36, 0 = 3*a + h - 78. What is i(a)?
11
Let w be (-2)/(-17) + 338/17. Suppose 56 = w*y - 12*y. Let r(h) = h**3 - 7*h**2 - 2*h + 2. What is r(y)?
-12
Let p = 13067 + -13080. Let j(r) = -r**3 - 12*r**2 + 16*r + 44. Give j(p).
5
Let v(g) = -g**3 + 7*g**2 + 3*g + 8. Let i(h) = -6*h - 35. Let d be i(-7). Let z be v(d). Let b = z + -31. Let p(a) = 3*a**2 - 3*a - 3. Calculate p(b).
15
Suppose -5*f + 12 = -f. Let z be (f/(-1) - (1 + -3)) + 4. Suppose -8*p + 6*p = -z*p. Let h(y) = -y**3 + y**2 + y + 24. Determine h(p).
24
Suppose -3*y + 14 = -4. Let o(r) = -r + 328518*r**2 + 7 + 0*r - 328517*r**2 - 6*r. Let v be o(y). Let p(n) = 5*n**3 - n**2 + n. Give p(v).
5
Let u(c) = -c**3 + 4*c**2 - 3*c + 6. Let o = -18 - -49. Suppose 27*b = o*b - 16. Determine u(b).
-6
Let k be (-6 + 1)*36/45. Let x(o) = 11*o - 4. Let z be x(1). Let b(i) = -17 + z*i + 11 + 11 + i**2. What is b(k)?
-7
Let m(t) be the first derivative of 28*t**3/3 + t**2/2 + 6*t + 4608. Determine m(2).
120
Let i(x) = x**3 + 13*x**2 - 32*x + 3. Let p be i(2). Let v(j) = -14*j - 3. Give v(p).
11
Let y be (-1704)/1420*10/6. Let r(n) = -6*n - 3. Let k(g) = 5*g + 3. Let i(p) = 7*k(p) + 6*r(p). Calculate i(y).
5
Suppose 2037 + 4411 = -16*u. Let l = u + 401. Let m(g) = g**2 + 3*g. Give m(l).
-2
Let j(p) = -p**3 + 3*p**2 - 2*p + 2. Let n be j(3). Let v(i) = 2 - 44*i**2 + 105*i**2 - 4*i - i + 3*i - 62*i**2. Calculate v(n).
-6
Let h(w) be the third derivative of w**7/840 - w**6/180 - w**5/24 + 5*w**4/12 - 130*w**3/3 - 268*w**2. Let d(q) be the first derivative of h(q). Determine d(2).
0
Let t(c) = -4*c - 1. Let b(v) = -21*v - 9. Let q(z) = b(z) - 5*t(z). Suppose -12 = 5*a - 2*a. Calculate q(a).
0
Let t(q) = -4330*q**2 + 8648*q**2 - 4317*q**2 + 29 + 15*q. What is t(-10)?
-21
Let a(x) = -x**3 - 4*x**2 + 11*x - 19. Suppose 2*m + 26 = -4*u - 14, 0 = -9*u + 4*m - 39. Determine a(u).
51
Let u(k) = -k**2 - 4*k - 2. Let m(p) be the first derivative of 19/2*p**2 - 1/3*p**3 - 5*p + 39. Let d be m(19). Give u(d).
-7
Let o(u) = 9*u**3 - 18*u**2 - 9*u - 24. Let p(q) = 5*q**3 - 9*q**2 - 4*q - 13. Let a(t) = 6*o(t) - 11*p(t). What is a(-7)?
-29
Let n(w) = w + 11. Suppose -230*k - 1719 = -17*k - 22*k. Determine n(k).
2
Let c = 2036 + -2037. Let q(n) = 2 - n + 1 - 2. Calculate q(c).
2
Let m(i) = -11*i**2 + 2746 - 8*i + 2739 - 5475. What is m(1)?
-9
Let i(o) be the second derivative of 3*o**3 - 14*o**2 + 390*o. Determine i(2).
8
Suppose 4*u + 5 = t, 3*t + 31*u = 28*u + 15. Let v(i) = -i - 35. Determine v(t).
-40
Let v(t) = -3*t + 1 - 2*t + 1. Suppose -165*h + 154*h = -1155. Suppose 4*a + 31*a = h. Give v(a).
-13
Let v(o) = 19*o**2 + 37*o - 278. Let p(r) = 8*r**2 + 19*r - 139. Let x(i) = 5*p(i) - 2*v(i). Give x(-15).
-4
Let z(t) = 5*t - 20. Let x(y) = -3*y + 13. Suppose -27 = -3*b - 3. Let f(j) = 3*j + 26. Let a be f(-7). Let u(n) = a*z(n) + b*x(n). Calculate u(-3).
1
Suppose 1 = v - 26*i + 23*i, 5*v - 5*i - 25 = 0. Supp